 common factor of n and l.
12
Let l(n) = n**2 + 2. Let b be l(-2). Let u = b - 2. Let t(f) = -f**2 - f + 2. Let i be t(0). What is the greatest common divisor of i and u?
2
Let b(a) = -9*a. Let n be b(-6). Calculate the greatest common factor of 6 and n.
6
Suppose -2*a + 7*a = -5, 2*a + 38 = -4*s. Let v = s + 18. Calculate the highest common factor of v and 99.
9
Let u be 25 - (4 - 1 - 1). What is the greatest common factor of u and 230?
23
Let b = 14 + 7. Calculate the greatest common factor of b and 14.
7
Let b = 44 + -14. Let l(t) = t + 1. Let k be l(4). Calculate the highest common divisor of k and b.
5
Let j be 3/7 + (-5856)/(-56). Calculate the greatest common factor of 15 and j.
15
Let s = 26 - 62. Let b = s + 50. Let j(m) = m**2 - 2*m + 2. Let a be j(2). What is the greatest common factor of b and a?
2
Suppose -2*m - 4*q = 1 - 3, -3*q - 6 = 0. Let b(u) = -u - 1. Let p be b(-6). Calculate the highest common factor of p and m.
5
Let m = 10 + -7. Let r be (-1 + 7)*m/9. Calculate the greatest common divisor of r and 2.
2
Let u be (-10060)/(-70) + 2/7. What is the greatest common factor of u and 16?
16
Let l be (1 + -4)*(-10 + 1). Let p be (-291)/(-27) - (-6)/l. What is the highest common divisor of p and 88?
11
Let r(v) = v + 49. Let z be r(8). What is the highest common divisor of z and 38?
19
Let b be 13/(-5) - (-4)/(-10). Let i be b + (-21)/(-5 - -4). What is the highest common factor of i and 12?
6
Suppose c - 4*c = -g - 12, -4*g = 12. What is the greatest common factor of c and 24?
3
Let g = 5 - 1. Let q(r) = -r**3 - r**2 - r + 8. Let p be q(0). What is the greatest common factor of p and g?
4
Suppose 0*h + 22 = 2*h - 2*w, 5*w + 25 = 0. Let s be (9/(-6))/(15/(-40)). Calculate the highest common factor of h and s.
2
Suppose 0 = 5*m - o - 16 - 134, -5*o = 3*m - 118. Suppose -m = -3*g + 32. Calculate the highest common divisor of g and 14.
7
Suppose -80 = -5*g - 15. Calculate the greatest common factor of g and 65.
13
Suppose 189 = 8*n + 13. Calculate the greatest common factor of 44 and n.
22
Let q be 43/2 - (-5)/10. What is the highest common factor of q and 198?
22
Suppose -3*a + 124 = p + 4*p, 4*a - 172 = -5*p. Calculate the greatest common factor of a and 12.
12
Suppose 6 = -2*s - 8. Let u(c) = -5*c + 1. Let k be u(s). What is the highest common factor of k and 12?
12
Suppose -9*z - 1470 = -4548. Calculate the greatest common factor of z and 38.
38
Let r(j) = -j**3 - 2*j**2 - j - 2. Let t be r(-3). Calculate the highest common factor of 20 and t.
10
Let m be 1/(-14)*-4 - 75/(-7). What is the greatest common divisor of m and 33?
11
Suppose -p = 2*p - 57. Let j = -273 + 409. Let q = j - 79. Calculate the highest common divisor of q and p.
19
Let u = 5 + -2. Suppose h + 2*h - u = 0. Let q be 4*(-1 - 6/(-4)). What is the greatest common divisor of h and q?
1
Let a be (-4)/8*-4 + 1. Suppose -w - a*h + 5*h = -10, 0 = -5*w + 5*h + 75. What is the greatest common divisor of 50 and w?
10
Suppose j + 17 = 2*j. What is the highest common factor of 119 and j?
17
Let u be (64/10)/(11/55). What is the greatest common divisor of u and 16?
16
Suppose 6*a - 7*a - 27 = 0. Let z = a - -187. Let t = -92 + z. What is the greatest common factor of 17 and t?
17
Let z = -5 + 18. What is the highest common factor of z and 104?
13
Let d(a) = 14*a**2 + 2*a + 3. Let r be d(-2). Suppose 4*c = 49 + 39. What is the greatest common factor of c and r?
11
Let n = 32 - 20. Let g be 482/5 + (-4)/10. Calculate the highest common factor of n and g.
12
Suppose -s - 2*s = -3, n - 5*s + 2 = 0. Suppose -n*w + 18 = -4*w. Let k = 26 + w. What is the highest common divisor of 20 and k?
4
Suppose -2*o + o + 501 = 0. Let b be 1/2 + o/6. Calculate the highest common factor of 12 and b.
12
Suppose 5*v = c - 94 + 4, 4*c - 5*v - 390 = 0. Suppose 14*u - 7*u - 280 = 0. Calculate the highest common divisor of c and u.
20
Suppose 5*x + 5*l = 4 - 19, -19 = -2*x + 3*l. Let v = x + 0. Let a be 224/10 + v/(-5). Calculate the greatest common divisor of 11 and a.
11
Let z = 104 + -243. Let m = z + 265. What is the highest common factor of 21 and m?
21
Let h = -146 + 274. Calculate the greatest common factor of 16 and h.
16
Suppose 2*r - 26 = 8. What is the highest common divisor of r and 170?
17
Let i = 22 + -14. Let y = -9 + i. Let a be (16/24)/(y/(-39)). What is the greatest common factor of 13 and a?
13
Let q = 33 - -2. Let n = -31 + 44. Suppose 3*o - n - 35 = -3*z, 66 = 4*z + 5*o. Calculate the highest common factor of q and z.
7
Let b be (-4)/8*5 - 21/(-2). Suppose 4*d + 4 = -5*a, 0 = -5*a + 9*d - 4*d + 5. Suppose -2*x + 7 + 17 = a. Calculate the highest common divisor of b and x.
4
Let j be (1 - 0) + 2 + 1. Let f be 8*(-1)/(-2)*j. Let z(o) = 2*o - 6. Let d be z(11). Calculate the greatest common factor of f and d.
16
Let i be (-5 + -2)*(-3)/1. What is the highest common factor of i and 3?
3
Let v(y) = -6 + y + 76 - 2*y. Let u be v(0). Suppose r - 4*r + 47 = -5*a, -4*r + 57 = -a. Calculate the greatest common divisor of u and r.
14
Let m(b) = b**2 - 6*b + 13. Let h be m(3). Let w(f) = 0*f**2 + 3*f**2 - 2*f**2 - 2 + 3*f. Let a be w(3). What is the highest common divisor of h and a?
4
Let c be 2 + (-1)/((-1)/10). Let d(m) = -5*m**3 + m**2 + m. Let v be d(-1). Let u be v/(-10) + (-14)/(-4). What is the highest common divisor of u and c?
3
Suppose 131 = 5*c + f, 21 = 2*c - c - 5*f. Calculate the highest common divisor of 104 and c.
26
Suppose 0 = 5*g - 21 - 54. Calculate the greatest common divisor of g and 90.
15
Suppose y - 3*y = f - 62, 3*f - 178 = -2*y. Let j be f - -3*(-6)/(-9). What is the highest common divisor of j and 24?
12
Suppose 4*a - 8 + 0 = 0. Suppose h + 30 = a*h. Suppose -4*b + 45 + 15 = 0. Calculate the greatest common divisor of h and b.
15
Let l = -59 - -83. What is the greatest common divisor of 4 and l?
4
Let l(b) = 50*b - 1. Let n be l(8). Calculate the highest common divisor of n and 57.
57
Let y(x) = -x**3 + 14*x**2 + x - 8. Let z be y(14). What is the greatest common divisor of 15 and z?
3
Let q(t) = 2*t**2 + 7*t + 5. Let l be q(-8). What is the greatest common divisor of l and 11?
11
Suppose 5*a + 159 = 1314. Calculate the highest common divisor of a and 21.
21
Let h(z) = 3 + 2*z - 2 + 0. Let g be h(5). Let b(v) = 17*v - 1. Let r be b(2). Calculate the highest common divisor of g and r.
11
Suppose -2*a + 4 - 11 = -z, -3*z + 24 = -3*a. Suppose 0 = 2*w - 4*w + 90. Calculate the highest common factor of z and w.
9
Suppose -9*k = -15*k + 60. Calculate the highest common divisor of 170 and k.
10
Let b(u) = 31*u**3 + 3*u**2 - u - 1. Let d be b(1). Calculate the highest common factor of d and 8.
8
Let o be (27 - -1)*(-10)/(-4). Let c(p) = p + 17. Let q be c(-7). What is the highest common factor of o and q?
10
Let f(w) = -w**3 + w**2 + 10*w + 8. Let c be f(-6). Let k = c - 143. Suppose 5*g - 95 = -0*g. Calculate the highest common factor of g and k.
19
Let j(g) = 4 - 2 - 3*g**2 - 5*g + 2*g**2. Let u be j(-5). Let s(z) = -z + 3. Let c be s(-2). What is the greatest common factor of u and c?
1
Suppose 3*z - 189 = -0*z - 2*x, 2*z - 124 = -2*x. Suppose -q - 39 = -2*m - m, -5*q + 39 = 3*m. What is the highest common divisor of m and z?
13
Let p(w) = -w**3 - 11*w**2 - w - 8. Let i be p(-11). What is the greatest common factor of 3 and i?
3
Let h be 3/9 - 10/(-6). Suppose 6 = -4*c - 7*j + h*j, 0 = 4*j + 8. What is the highest common factor of 11 and c?
1
Suppose 5*b - 231 = 2*b. Calculate the highest common factor of b and 7.
7
Let d be ((-2)/(-10) + 1)*-10. Let l be (6/(-4))/(d/16). Suppose 4*r = 2*k + 48, 0 = -r - l*k - 3*k + 12. What is the highest common divisor of 36 and r?
12
Suppose w - m = -6*m + 14, 4*m + 4 = 3*w. Suppose w + 4 = -v. Let g be 6/v - (-102)/8. What is the greatest common factor of g and 3?
3
Let m be (27/6)/((-3)/(-30)). Let n = m + -25. Calculate the highest common factor of 220 and n.
20
Let p = 38 - 17. What is the highest common factor of 7 and p?
7
Let g = 2 + 2. What is the greatest common factor of g and 36?
4
Let m(d) = -d**3 - 6*d**2 - 3*d + 10. Let x be m(-7). Calculate the greatest common divisor of x and 16.
16
Suppose 0 = -0*z + 5*z. Let c = -17 - z. Let l = c + 41. What is the highest common divisor of l and 8?
8
Let z be (-2)/(-3) - (-